[INFO] fetching crate special-folder 0.2.2...
[INFO] checking special-folder-0.2.2 against master#e6e4f7ed1589e03bc2f6c5931c1a72e7947e8682 for beta-170-4
[INFO] extracting crate special-folder 0.2.2 into /workspace/builds/worker-5-tc2/source
[INFO] validating manifest of crates.io crate special-folder 0.2.2 on toolchain e6e4f7ed1589e03bc2f6c5931c1a72e7947e8682
[INFO] running `Command { std: CARGO_HOME="/workspace/cargo-home" RUSTUP_HOME="/workspace/rustup-home" "/workspace/cargo-home/bin/cargo" "+e6e4f7ed1589e03bc2f6c5931c1a72e7947e8682" "metadata" "--manifest-path" "Cargo.toml" "--no-deps", kill_on_drop: false }`
[INFO] started tweaking crates.io crate special-folder 0.2.2
[INFO] finished tweaking crates.io crate special-folder 0.2.2
[INFO] tweaked toml for crates.io crate special-folder 0.2.2 written to /workspace/builds/worker-5-tc2/source/Cargo.toml
[INFO] crate crates.io crate special-folder 0.2.2 already has a lockfile, it will not be regenerated
[INFO] running `Command { std: CARGO_HOME="/workspace/cargo-home" RUSTUP_HOME="/workspace/rustup-home" "/workspace/cargo-home/bin/cargo" "+e6e4f7ed1589e03bc2f6c5931c1a72e7947e8682" "fetch" "--manifest-path" "Cargo.toml", kill_on_drop: false }`
[INFO] running `Command { std: "docker" "create" "-v" "/var/lib/crater-agent-workspace/builds/worker-5-tc2/target:/opt/rustwide/target:rw,Z" "-v" "/var/lib/crater-agent-workspace/builds/worker-5-tc2/source:/opt/rustwide/workdir:ro,Z" "-v" "/var/lib/crater-agent-workspace/cargo-home:/opt/rustwide/cargo-home:ro,Z" "-v" "/var/lib/crater-agent-workspace/rustup-home:/opt/rustwide/rustup-home:ro,Z" "-e" "SOURCE_DIR=/opt/rustwide/workdir" "-e" "CARGO_TARGET_DIR=/opt/rustwide/target" "-e" "CARGO_HOME=/opt/rustwide/cargo-home" "-e" "RUSTUP_HOME=/opt/rustwide/rustup-home" "-w" "/opt/rustwide/workdir" "-m" "1610612736" "--user" "0:0" "--network" "none" "ghcr.io/rust-lang/crates-build-env/linux@sha256:19e73879b68f455e41552ea35293514db52ea292d993f571636dbffedb77a1ee" "/opt/rustwide/cargo-home/bin/cargo" "+e6e4f7ed1589e03bc2f6c5931c1a72e7947e8682" "metadata" "--no-deps" "--format-version=1", kill_on_drop: false }`
[INFO] [stdout] c17b1d1d0b59a1d5d3ab649735395dd1075bcb0dd6b301b777b68e5ccd68f78e
[INFO] running `Command { std: "docker" "start" "-a" "c17b1d1d0b59a1d5d3ab649735395dd1075bcb0dd6b301b777b68e5ccd68f78e", kill_on_drop: false }`
[INFO] running `Command { std: "docker" "inspect" "c17b1d1d0b59a1d5d3ab649735395dd1075bcb0dd6b301b777b68e5ccd68f78e", kill_on_drop: false }`
[INFO] running `Command { std: "docker" "rm" "-f" "c17b1d1d0b59a1d5d3ab649735395dd1075bcb0dd6b301b777b68e5ccd68f78e", kill_on_drop: false }`
[INFO] [stdout] c17b1d1d0b59a1d5d3ab649735395dd1075bcb0dd6b301b777b68e5ccd68f78e
[INFO] running `Command { std: "docker" "create" "-v" "/var/lib/crater-agent-workspace/builds/worker-5-tc2/target:/opt/rustwide/target:rw,Z" "-v" "/var/lib/crater-agent-workspace/builds/worker-5-tc2/source:/opt/rustwide/workdir:ro,Z" "-v" "/var/lib/crater-agent-workspace/cargo-home:/opt/rustwide/cargo-home:ro,Z" "-v" "/var/lib/crater-agent-workspace/rustup-home:/opt/rustwide/rustup-home:ro,Z" "-e" "SOURCE_DIR=/opt/rustwide/workdir" "-e" "CARGO_TARGET_DIR=/opt/rustwide/target" "-e" "CARGO_INCREMENTAL=0" "-e" "RUST_BACKTRACE=full" "-e" "RUSTFLAGS=--cap-lints=forbid" "-e" "RUSTDOCFLAGS=--cap-lints=forbid" "-e" "CARGO_HOME=/opt/rustwide/cargo-home" "-e" "RUSTUP_HOME=/opt/rustwide/rustup-home" "-w" "/opt/rustwide/workdir" "-m" "1610612736" "--user" "0:0" "--network" "none" "ghcr.io/rust-lang/crates-build-env/linux@sha256:19e73879b68f455e41552ea35293514db52ea292d993f571636dbffedb77a1ee" "/opt/rustwide/cargo-home/bin/cargo" "+e6e4f7ed1589e03bc2f6c5931c1a72e7947e8682" "check" "--frozen" "--all" "--all-targets" "--message-format=json", kill_on_drop: false }`
[INFO] [stdout] b1c2a29250950eb214229c2a00226901db9e89defb6666e72e030371b70ce1f2
[INFO] running `Command { std: "docker" "start" "-a" "b1c2a29250950eb214229c2a00226901db9e89defb6666e72e030371b70ce1f2", kill_on_drop: false }`
[INFO] [stderr]    Compiling proc-macro2 v1.0.40
[INFO] [stderr]    Compiling unicode-ident v1.0.2
[INFO] [stderr]    Compiling quote v1.0.20
[INFO] [stderr]    Compiling syn v1.0.98
[INFO] [stderr]    Compiling rustversion v1.0.8
[INFO] [stderr]    Compiling heck v0.4.0
[INFO] [stderr]     Checking windows-sys v0.36.1
[INFO] [stderr]    Compiling strum_macros v0.24.2
[INFO] [stderr]     Checking strum v0.24.1
[INFO] [stderr]     Checking special-folder v0.2.2 (/opt/rustwide/workdir)
[INFO] [stdout] error[E0433]: failed to resolve: could not find `windows` in `os`
[INFO] [stdout]  --> src/lib.rs:1:30
[INFO] [stdout]   |
[INFO] [stdout] 1 | use std::{ffi::OsString, os::windows::prelude::OsStringExt, path::PathBuf};
[INFO] [stdout]   |                              ^^^^^^^ could not find `windows` in `os`
[INFO] [stdout] 
[INFO] [stdout] 
[INFO] [stdout] error[E0433]: failed to resolve: could not find `windows` in `os`
[INFO] [stdout]  --> src/lib.rs:1:30
[INFO] [stdout]   |
[INFO] [stdout] 1 | use std::{ffi::OsString, os::windows::prelude::OsStringExt, path::PathBuf};
[INFO] [stdout]   |                              ^^^^^^^ could not find `windows` in `os`
[INFO] [stdout] 
[INFO] [stdout] 
[INFO] [stdout] error[E0599]: no function or associated item named `from_wide` found for struct `OsString` in the current scope
[INFO] [stdout]    --> src/lib.rs:132:31
[INFO] [stdout]     |
[INFO] [stdout] 132 |             let s = OsString::from_wide(&p);
[INFO] [stdout]     |                               ^^^^^^^^^ function or associated item not found in `OsString`
[INFO] [stdout] 
[INFO] [stdout] 
[INFO] [stdout] error[E0599]: no function or associated item named `from_wide` found for struct `OsString` in the current scope
[INFO] [stdout]    --> src/lib.rs:132:31
[INFO] [stdout]     |
[INFO] [stdout] 132 |             let s = OsString::from_wide(&p);
[INFO] [stdout]     |                               ^^^^^^^^^ function or associated item not found in `OsString`
[INFO] [stdout] 
[INFO] [stdout] 
[INFO] [stdout] error: aborting due to 2 previous errors
[INFO] [stdout] 
[INFO] [stdout] 
[INFO] [stdout] Some errors have detailed explanations: E0433, E0599.
[INFO] [stdout] 
[INFO] [stdout] For more information about an error, try `rustc --explain E0433`.
[INFO] [stdout] 
[INFO] [stdout] error: aborting due to 2 previous errors
[INFO] [stdout] 
[INFO] [stdout] 
[INFO] [stdout] Some errors have detailed explanations: E0433, E0599.
[INFO] [stdout] 
[INFO] [stdout] For more information about an error, try `rustc --explain E0433`.
[INFO] [stdout] 
[INFO] [stderr] error: could not compile `special-folder` (lib test) due to 3 previous errors
[INFO] [stderr] warning: build failed, waiting for other jobs to finish...
[INFO] [stderr] error: could not compile `special-folder` (lib) due to 3 previous errors
[INFO] running `Command { std: "docker" "inspect" "b1c2a29250950eb214229c2a00226901db9e89defb6666e72e030371b70ce1f2", kill_on_drop: false }`
[INFO] running `Command { std: "docker" "rm" "-f" "b1c2a29250950eb214229c2a00226901db9e89defb6666e72e030371b70ce1f2", kill_on_drop: false }`
[INFO] [stdout] b1c2a29250950eb214229c2a00226901db9e89defb6666e72e030371b70ce1f2
